+ 55/15. What is the highest common factor of g and 18?
9
Let i = -6 + 8. Suppose -l - 15 = 3*b - 0*l, 0 = -b - l - 7. Let g be (1 + b)/((-15)/10). What is the greatest common divisor of g and i?
2
Let v(y) = y. Let l(z) = 2*z + 1. Let n(h) = l(h) + 2*v(h). Let o be n(11). Let m be -1 - (-2 + 29/(-1)). What is the greatest common divisor of m and o?
15
Let k be 3/9 - (3 + 10/(-6)). Let l be k/(-4 - 78/(-20)). Let h be (12/(-10))/((-3)/100). What is the highest common factor of l and h?
10
Let f = 1389 + -1109. What is the highest common divisor of f and 336?
56
Suppose 31*s - 33*s = 4*u - 70, 4*s + 2*u = 140. Calculate the highest common factor of s and 40.
5
Let z = -1 + 6. Suppose -z*n + 40 = -4*n + 5*q, -4*q = 0. Suppose 16 = 2*k - 4. What is the highest common divisor of n and k?
10
Let w be ((-2)/7 - 69/(-21)) + 20. Calculate the highest common factor of 23 and w.
23
Let h = 32 - 27. Suppose 2*p - 75 = -3*p - h*x, 15 = -3*x. Calculate the highest common divisor of p and 10.
10
Suppose -27*v + 28*v = -1. Let j be 4/(-8)*v*34. Calculate the highest common divisor of 119 and j.
17
Let v(r) = 2*r**3 + 21*r**2 - 12*r + 4. Let m be v(-11). Let i be 0 + -3 - (-6 - (m - 2)). What is the greatest common factor of i and 8?
8
Let v = -8 + 10. Let a(m) = -16*m + 18*m + v + 8*m - 4. Let c be a(2). Calculate the greatest common divisor of c and 45.
9
Let n(d) = -2*d**2 - 12*d - 2. Let j be n(-6). Let i be (123 - 2 - j)*(-2)/(-2). Calculate the greatest common divisor of 41 and i.
41
Let d = -68 + 112. Let b = 80 - d. What is the greatest common divisor of 12 and b?
12
Suppose 0 = 5*c - 2*c + h - 752, -2*c + 3*h = -494. Let d = 59 + -34. Calculate the highest common factor of c and d.
25
Let i(y) = y**3 + 11*y**2 - 6*y. Let k be i(-8). What is the highest common divisor of k and 384?
48
Suppose 16*g = -7*g + 506. What is the highest common factor of 286 and g?
22
Suppose -217 + 1183 = 5*u - 3*d, 2*d = u - 196. Suppose 0 = 33*v - 42*v + 216. What is the greatest common factor of v and u?
24
Let w(j) = -9*j - 5. Let b be w(-5). Suppose -7 = 2*m + 61. Let z = m - -42. Calculate the greatest common divisor of b and z.
8
Suppose 2 = -x, x + 3*x + 73 = c. Let k(h) = 10*h + 145. Let r be k(-14). Calculate the greatest common divisor of c and r.
5
Let c(a) = 505*a - 30. Let t be c(1). Calculate the highest common divisor of t and 50.
25
Suppose 5*m - 4*l = 215 + 115, 2*m - 4*l = 132. Suppose 4*o - 51 = 45. Let a be (-2)/(-8) + 138/o. What is the greatest common factor of a and m?
6
Let j be (-36 - (1 + -4))/(-1). What is the greatest common divisor of j and 737?
11
Suppose 0 = 5*f + 4 + 6. Let o = f - -21. Suppose -5*g + o = c, g - 4*g = c - 15. Calculate the greatest common factor of c and 90.
9
Suppose -k + 13*k = 540. What is the greatest common divisor of k and 18?
9
Suppose 19*k = 1070 + 1191. Let f(m) = m**2 + m + 5. Let x(y) = y + 2. Let a be x(-6). Let u be f(a). What is the greatest common divisor of k and u?
17
Let u(w) = w**2 - 43*w + 40. Let z be u(-19). Calculate the highest common divisor of 42 and z.
42
Suppose -4*s - 6*l - 206 = -4*l, -3*l = -4*s - 221. Let n be 1419/15 - 4/(-10). Let r = n + s. Calculate the greatest common divisor of r and 105.
21
Suppose -3*p = -p. Suppose p = -m - m. Suppose -y + m*y + 3 = -5*s, 3*y = 5*s + 19. Calculate the greatest common factor of y and 16.
8
Suppose 16 = 2*a + 2. Let g = -9 + 20. Suppose 2*r - 17 = -f, -2*f + 5*r = -0*r + g. What is the greatest common divisor of a and f?
7
Suppose 0 = 3*t - u - 169, -5*t - 141 = -5*u - 436. What is the highest common factor of t and 110?
55
Let d(f) = 10 + 22*f - 5*f - 6*f - 9*f. Let o be d(8). What is the greatest common divisor of 130 and o?
26
Let x = 113 + -111. Calculate the highest common factor of x and 26.
2
Suppose f + 1 = -3*t, 3*f - 2*t = -3*t + 5. Suppose -3*j + 11 = -4*m - f, 2*j = -3*m + 20. Let x = 20 + -6. What is the greatest common divisor of x and j?
7
Suppose 67*n = 7*n + 4080. What is the greatest common factor of 119 and n?
17
Suppose 4*s - 20 + 4 = -4*h, 0 = 4*s - 4*h - 32. What is the greatest common factor of 135 and s?
3
Let p(a) = -a**2 + 19*a + 138. Let b be p(24). Calculate the greatest common factor of b and 186.
6
Suppose -594 = 10*k - 12*k. What is the greatest common factor of 11 and k?
11
Let o = 191 - 159. What is the greatest common factor of 96 and o?
32
Suppose 3*v - 18 = 3. Suppose 2*y - 12 = 2. What is the highest common divisor of y and v?
7
Let i be 6 + (-5 - (-16)/4)*0. Calculate the greatest common divisor of i and 150.
6
Suppose 0*l + 10 = 2*s + 5*l, 0 = s + 4*l - 5. Suppose -4*r + 2*f + 720 = 0, -5*f + 442 = s*r - 458. What is the highest common divisor of r and 20?
20
Let g = -1885 + 873. Let f be g*((-3)/6 + 0). Calculate the greatest common divisor of f and 46.
46
Suppose -x + 2 = -17. Let o(r) = -r**2 + 18*r + 20. Let v be o(x). Suppose 4*j - 3*n = 5, 60 = 5*j + 4*n + 15. Calculate the greatest common divisor of v and j.
1
Let x be (50/(-15) - -4)*15. Let t be 0*(-2)/4 - -9. Suppose -t*v = -14*v + x. Calculate the highest common divisor of v and 10.
2
Suppose 4*r + 229 = 53. Let u = r + 46. Suppose -7 = -2*k - 1. Calculate the highest common factor of u and k.
1
Let s(x) = x - 4*x + 2*x**3 + 8 + 3*x. Let g be s(0). What is the highest common divisor of 8 and g?
8
Suppose 0 = -q - 2*q - 2*t - 20, 55 = -4*q + 3*t. Let n(x) = x**3 + 11*x**2 + 10*x + 12. Let g be n(q). Calculate the highest common divisor of g and 6.
6
Let h(w) = -w**3 + w + 8. Let g be h(0). Let b be (-18 - -22)*(0 + 1). Suppose c = 4, k + b*c = -c + 32. Calculate the greatest common divisor of k and g.
4
Suppose 8*n = 2*n + 13950. Calculate the highest common divisor of 75 and n.
75
Let a(t) = -t + 10. Let y = 22 + -14. Let x be a(y). Let b be (-1)/x*(-13 - -5). Calculate the greatest common divisor of 6 and b.
2
Let m = -6 + 42. Let n(g) = 28*g + 177. Let x be n(-6). Calculate the greatest common divisor of m and x.
9
Suppose -974 = -5*x + 286. Calculate the greatest common factor of 180 and x.
36
Suppose -75 = -5*h - 3*q, 5*q = 5*h - 8 - 27. Calculate the greatest common factor of 32 and h.
4
Let n(v) = v**3 + v + 24. Let i be n(0). Let m be ((-30)/4)/(-6*(-6)/(-288)). What is the highest common divisor of m and i?
12
Let m be -7*(-1 + 2)*-2. Let d(h) = 4*h - 4. Let v be d(15). Suppose 3*c = 7*c - v. What is the greatest common divisor of c and m?
14
Suppose 0 = -f + 1, 3*s - s = 4*f + 2. Let x be (-1)/(-1)*s + 9. What is the highest common divisor of x and 2?
2
Let d(l) be the third derivative of 11*l**4/12 + 11*l**3/6 - 7*l**2. Let y be d(-10). Let g = y + 396. Calculate the greatest common factor of 17 and g.
17
Let w be ((-207)/(-105) - (-4)/(-10))*7. What is the greatest common factor of w and 12?
1
Let s be 3/(-2)*2/3. Let f be -13 + 21 + (0 - s). What is the highest common divisor of f and 27?
9
Let k be (-13)/13 - ((2 - 1) + -38). Calculate the highest common factor of k and 636.
12
Let p be (1/2)/(14/112). Suppose -31 = -3*t - 3*b - 4, -p*t = -3*b - 36. Let l be (10/4)/(2/36). What is the greatest common factor of t and l?
9
Suppose 4*a = -i + 8, 2*a - 112 = -26*i + 21*i. Calculate the highest common divisor of i and 32.
8
Suppose 8*t = 4*t + 60. Suppose 3 = -4*y + t. Suppose -2*h - r = -0*r - 3, -4*h + r = -9. What is the greatest common divisor of h and y?
1
Let s be (-2)/2 + 15 - -2. Let q(i) = s + 3*i + 8 + 6 - 7. Let y be q(18). What is the highest common factor of 11 and y?
11
Let t = -997 + 1019. Calculate the highest common factor of 275 and t.
11
Suppose 3*z = -3*j + 24, 2*j = -9 + 1. Calculate the greatest common divisor of z and 33.
3
Suppose 2*z = -4*z + 108. Calculate the greatest common factor of z and 18.
18
Suppose -24 = -9*l + 30. Suppose 0*h = 2*h. Suppose 0 = -h*y + 3*y - 126. What is the greatest common factor of y and l?
6
Let j be 6/(-4)*28/(-3). Suppose -4*w + 2*q = -342, -3*q - 258 = -3*w - q. Calculate the highest common factor of w and j.
14
Let v = 652 + -615. What is the greatest common divisor of 296 and v?
37
Let z be (0 + -1)*(-60 + 99/11). What is the greatest common factor of 612 and z?
51
Let r = -638 + 793. What is the highest common factor of 248 and r?
31
Let d = -3349 - -3361. Suppose i - 3*i - 5*f = -5